{"id":285954,"date":"2025-07-28T19:40:34","date_gmt":"2025-07-28T17:40:34","guid":{"rendered":"https:\/\/formations.sofnna.eu\/?page_id=285954"},"modified":"2025-07-28T19:41:31","modified_gmt":"2025-07-28T17:41:31","slug":"certification-professionnelle-favoriser-la-longevite-grace-a-la-micronutrition-anti-age","status":"publish","type":"page","link":"https:\/\/formations.sofnna.eu\/?page_id=285954","title":{"rendered":"Certification professionnelle : Favoriser la long\u00e9vit\u00e9 gr\u00e2ce \u00e0 la micronutrition anti-\u00e2ge"},"content":{"rendered":"\t\t<div data-elementor-type=\"wp-page\" data-elementor-id=\"285954\" class=\"elementor elementor-285954\" data-elementor-post-type=\"page\">\n\t\t\t\t\t\t\t\t\t<section class=\"elementor-section elementor-top-section elementor-element elementor-element-6cd07b7 elementor-section-boxed elementor-section-height-default elementor-section-height-default\" data-id=\"6cd07b7\" data-element_type=\"section\" data-settings=\"{&quot;background_background&quot;:&quot;classic&quot;}\">\n\t\t\t\t\t\t\t<div class=\"elementor-background-overlay\"><\/div>\n\t\t\t\t\t\t\t<div class=\"elementor-container elementor-column-gap-default\">\n\t\t\t\t\t<div class=\"elementor-column elementor-col-50 elementor-top-column elementor-element elementor-element-9a6554e\" data-id=\"9a6554e\" data-element_type=\"column\">\n\t\t\t<div class=\"elementor-widget-wrap elementor-element-populated\">\n\t\t\t\t\t\t\t\t<section class=\"elementor-section elementor-inner-section elementor-element elementor-element-080e7df elementor-section-boxed elementor-section-height-default elementor-section-height-default\" data-id=\"080e7df\" data-element_type=\"section\">\n\t\t\t\t\t\t<div class=\"elementor-container elementor-column-gap-no\">\n\t\t\t\t\t<div class=\"elementor-column elementor-col-100 elementor-inner-column elementor-element elementor-element-c16520a\" data-id=\"c16520a\" data-element_type=\"column\">\n\t\t\t<div class=\"elementor-widget-wrap elementor-element-populated\">\n\t\t\t\t\t\t\t\t<div class=\"elementor-element elementor-element-357983f elementor-widget elementor-widget-elementskit-heading\" data-id=\"357983f\" data-element_type=\"widget\" data-widget_type=\"elementskit-heading.default\">\n\t\t\t\t<div class=\"elementor-widget-container\">\n\t\t\t<div class=\"ekit-wid-con\" ><div class=\"ekit-heading elementskit-section-title-wraper text_left   ekit_heading_tablet-   ekit_heading_mobile-\"><h1 class=\"ekit-heading--title elementskit-section-title \">Certification professionnelle : Favoriser la long\u00e9vit\u00e9 gr\u00e2ce \u00e0 la micronutrition anti-\u00e2ge<\/h1><\/div><\/div>\t\t<\/div>\n\t\t\t\t<\/div>\n\t\t\t\t\t<\/div>\n\t\t<\/div>\n\t\t\t\t\t\t\t<\/div>\n\t\t<\/section>\n\t\t\t\t\t<\/div>\n\t\t<\/div>\n\t\t\t\t<div class=\"elementor-column elementor-col-50 elementor-top-column elementor-element elementor-element-94b944c elementor-hidden-tablet elementor-hidden-mobile\" data-id=\"94b944c\" data-element_type=\"column\">\n\t\t\t<div class=\"elementor-widget-wrap\">\n\t\t\t\t\t\t\t\t\t<\/div>\n\t\t<\/div>\n\t\t\t\t\t\t\t<\/div>\n\t\t<\/section>\n\t\t\t\t<section class=\"elementor-section elementor-top-section elementor-element elementor-element-b13b15a elementor-section-boxed elementor-section-height-default elementor-section-height-default\" data-id=\"b13b15a\" data-element_type=\"section\">\n\t\t\t\t\t\t<div class=\"elementor-container elementor-column-gap-default\">\n\t\t\t\t\t<div class=\"elementor-column elementor-col-100 elementor-top-column elementor-element elementor-element-f8deac6\" data-id=\"f8deac6\" data-element_type=\"column\">\n\t\t\t<div class=\"elementor-widget-wrap elementor-element-populated\">\n\t\t\t\t\t\t\t\t<div class=\"elementor-element elementor-element-fef5787 elementor-widget elementor-widget-text-editor\" data-id=\"fef5787\" data-element_type=\"widget\" data-widget_type=\"text-editor.default\">\n\t\t\t\t<div class=\"elementor-widget-container\">\n\t\t\t\t\t\t\t<p class=\"p1\"><span class=\"s1\"><span style=\"font-weight: bold;\">Organisme certificateur<\/span><\/span>\u00a0: SOFNNA (Soci\u00e9t\u00e9 Francophone de Nutrith\u00e9rapie et de Nutrig\u00e9n\u00e9tique Appliqu\u00e9e)<\/p><p class=\"p1\"><span class=\"s1\"><span style=\"font-weight: bold;\">Code NSF<\/span><\/span>\u00a0: 331 Sant\u00e9 \u2013 43070 Nutrition<\/p><p class=\"p1\"><span class=\"s1\"><span style=\"font-weight: bold;\">Public vis\u00e9<\/span><\/span>\u00a0: professionnels de sant\u00e9<\/p><p class=\"p1\"><span class=\"s1\"><span style=\"font-weight: bold;\">Dur\u00e9e estim\u00e9e de la formation<\/span><\/span>\u00a0: 100 \u00e0 120 heures (variable selon rythme choisi)<\/p><p class=\"p1\"><span class=\"s1\"><span style=\"font-weight: bold;\">Format<\/span><\/span>\u00a0: Pr\u00e9sentiel \/ Hybride<\/p><p class=\"p1\">\u00a0<\/p><p class=\"p2\"><span style=\"font-weight: bold;\">Certification professionnelle en cours d\u2019enregistrement au R\u00e9pertoire Sp\u00e9cifique (France Comp\u00e9tences)<\/span><span class=\"s2\">\u00a0<\/span><\/p>\t\t\t\t\t\t<\/div>\n\t\t\t\t<\/div>\n\t\t\t\t\t<\/div>\n\t\t<\/div>\n\t\t\t\t\t\t\t<\/div>\n\t\t<\/section>\n\t\t\t\t<section class=\"elementor-section elementor-top-section elementor-element elementor-element-a0fd68c elementor-section-boxed elementor-section-height-default elementor-section-height-default\" data-id=\"a0fd68c\" data-element_type=\"section\">\n\t\t\t\t\t\t<div class=\"elementor-container elementor-column-gap-default\">\n\t\t\t\t\t<div class=\"elementor-column elementor-col-50 elementor-top-column elementor-element elementor-element-560b721\" data-id=\"560b721\" data-element_type=\"column\">\n\t\t\t<div class=\"elementor-widget-wrap elementor-element-populated\">\n\t\t\t\t\t\t\t\t<div class=\"elementor-element elementor-element-54cc255 elementor-widget elementor-widget-heading\" data-id=\"54cc255\" data-element_type=\"widget\" data-widget_type=\"heading.default\">\n\t\t\t\t<div class=\"elementor-widget-container\">\n\t\t\t<h2 class=\"elementor-heading-title elementor-size-default\"><h3><b>Objectifs de la certification<\/b><span style=\"font-size: 45px;\"><\/span><\/h3><\/h2>\t\t<\/div>\n\t\t\t\t<\/div>\n\t\t\t\t<div class=\"elementor-element elementor-element-b046ddb elementor-widget elementor-widget-text-editor\" data-id=\"b046ddb\" data-element_type=\"widget\" data-widget_type=\"text-editor.default\">\n\t\t\t\t<div class=\"elementor-widget-container\">\n\t\t\t\t\t\t\t<ul style=\"font-size: 17px; background-color: #ffffff;\"><li style=\"font-size: 17px;\"><p>Former des experts en pr\u00e9vention du vieillissement \u00e0 travers la micronutrition appliqu\u00e9e<\/p><\/li><li style=\"font-size: 17px;\"><p>Acqu\u00e9rir des comp\u00e9tences en \u00e9valuation nutritionnelle, conseil en suppl\u00e9mentation et suivi individualis\u00e9<\/p><\/li><li style=\"font-size: 17px;\"><p>Int\u00e9grer une approche globale : alimentation, hydratation, activit\u00e9 physique, sommeil, stress<\/p><\/li><li style=\"font-size: 17px;\"><p>R\u00e9pondre \u00e0 la demande croissante de solutions naturelles, pr\u00e9ventives et personnalis\u00e9es face au vieillissement\u00a0<\/p><\/li><\/ul>\t\t\t\t\t\t<\/div>\n\t\t\t\t<\/div>\n\t\t\t\t\t<\/div>\n\t\t<\/div>\n\t\t\t\t<div class=\"elementor-column elementor-col-50 elementor-top-column elementor-element elementor-element-288d8ad\" data-id=\"288d8ad\" data-element_type=\"column\">\n\t\t\t<div class=\"elementor-widget-wrap elementor-element-populated\">\n\t\t\t\t\t\t\t\t<div class=\"elementor-element elementor-element-48eb305 elementor-widget elementor-widget-heading\" data-id=\"48eb305\" data-element_type=\"widget\" data-widget_type=\"heading.default\">\n\t\t\t\t<div class=\"elementor-widget-container\">\n\t\t\t<h2 class=\"elementor-heading-title elementor-size-default\"><h3><b>Publics concern\u00e9s<\/b><span style=\"font-size: 45px;\"><\/span><\/h3><\/h2>\t\t<\/div>\n\t\t\t\t<\/div>\n\t\t\t\t<div class=\"elementor-element elementor-element-4dc43dc elementor-widget elementor-widget-text-editor\" data-id=\"4dc43dc\" data-element_type=\"widget\" data-widget_type=\"text-editor.default\">\n\t\t\t\t<div class=\"elementor-widget-container\">\n\t\t\t\t\t\t\t<ul style=\"font-size: 17px; background-color: #ffffff;\"><li style=\"font-size: 17px;\">M\u00e9decins (g\u00e9n\u00e9ralistes ou sp\u00e9cialistes)<\/li><\/ul><ul style=\"font-size: 17px; background-color: #ffffff;\"><li class=\"p1\" style=\"font-size: 17px;\">Di\u00e9t\u00e9ticiens, nutritionnistes<\/li><\/ul><ul style=\"font-size: 17px; background-color: #ffffff;\"><li class=\"p1\" style=\"font-size: 17px;\">Pharmaciens, pr\u00e9parateurs en pharmacie<\/li><\/ul><ul style=\"font-size: 17px; background-color: #ffffff;\"><li class=\"p1\" style=\"font-size: 17px;\">Infirmiers, kin\u00e9sith\u00e9rapeutes, ost\u00e9opathes<\/li><\/ul><ul style=\"font-size: 17px; background-color: #ffffff;\"><li class=\"p1\" style=\"font-size: 17px;\">Professionnels de sant\u00e9 impliqu\u00e9s dans le suivi de patients \u00e2g\u00e9s ou atteints de maladies chroniques<\/li><\/ul>\t\t\t\t\t\t<\/div>\n\t\t\t\t<\/div>\n\t\t\t\t\t<\/div>\n\t\t<\/div>\n\t\t\t\t\t\t\t<\/div>\n\t\t<\/section>\n\t\t\t\t<section class=\"elementor-section elementor-top-section elementor-element elementor-element-1cdca7e elementor-section-boxed elementor-section-height-default elementor-section-height-default\" data-id=\"1cdca7e\" data-element_type=\"section\">\n\t\t\t\t\t\t<div class=\"elementor-container elementor-column-gap-default\">\n\t\t\t\t\t<div class=\"elementor-column elementor-col-50 elementor-top-column elementor-element elementor-element-9dd7de4\" data-id=\"9dd7de4\" data-element_type=\"column\">\n\t\t\t<div class=\"elementor-widget-wrap elementor-element-populated\">\n\t\t\t\t\t\t\t\t<div class=\"elementor-element elementor-element-2c68c95 elementor-widget elementor-widget-heading\" data-id=\"2c68c95\" data-element_type=\"widget\" data-widget_type=\"heading.default\">\n\t\t\t\t<div class=\"elementor-widget-container\">\n\t\t\t<h2 class=\"elementor-heading-title elementor-size-default\"><p><span><\/span><\/p><h3><b>Comp\u00e9tences attest\u00e9es<\/b><span style=\"font-size: 45px;\"><\/span><\/h3><\/h2>\t\t<\/div>\n\t\t\t\t<\/div>\n\t\t\t\t<div class=\"elementor-element elementor-element-73a1238 elementor-widget elementor-widget-text-editor\" data-id=\"73a1238\" data-element_type=\"widget\" data-widget_type=\"text-editor.default\">\n\t\t\t\t<div class=\"elementor-widget-container\">\n\t\t\t\t\t\t\t<ul style=\"font-size: 17px; background-color: #ffffff;\"><li style=\"font-size: 17px;\"><p class=\"p1\">La certification atteste la capacit\u00e9 \u00e0 :<\/p><ul><li><p class=\"p1\">\u00c9valuer les d\u00e9ficits micronutritionnels via des questionnaires, entretiens et bilans biologiques<\/p><\/li><li><p class=\"p1\">\u00c9laborer un plan personnalis\u00e9 de suppl\u00e9mentation et de r\u00e9\u00e9quilibrage nutritionnel<\/p><\/li><li><p class=\"p1\">Adapter les conseils selon l\u2019\u00e2ge, les pathologies, les traitements m\u00e9dicaux<\/p><\/li><li><p class=\"p1\">Promouvoir l\u2019hydratation et les boissons fonctionnelles<\/p><\/li><li><p class=\"p1\">Interpr\u00e9ter les analyses biologiques et assurer un suivi ajust\u00e9<\/p><\/li><li><p class=\"p1\">Int\u00e9grer l\u2019activit\u00e9 physique, le sommeil et la gestion du stress dans un plan de long\u00e9vit\u00e9<\/p><\/li><\/ul><\/li><\/ul>\t\t\t\t\t\t<\/div>\n\t\t\t\t<\/div>\n\t\t\t\t\t<\/div>\n\t\t<\/div>\n\t\t\t\t<div class=\"elementor-column elementor-col-50 elementor-top-column elementor-element elementor-element-275874f\" data-id=\"275874f\" data-element_type=\"column\">\n\t\t\t<div class=\"elementor-widget-wrap elementor-element-populated\">\n\t\t\t\t\t\t\t\t<div class=\"elementor-element elementor-element-5f4f2e1 elementor-widget elementor-widget-heading\" data-id=\"5f4f2e1\" data-element_type=\"widget\" data-widget_type=\"heading.default\">\n\t\t\t\t<div class=\"elementor-widget-container\">\n\t\t\t<h2 class=\"elementor-heading-title elementor-size-default\"><p class=\"p1\"><span class=\"s1\"><\/span><\/p><h3><b>Modalit\u00e9s d\u2019\u00e9valuation<\/b><\/h3><p><\/p><\/h2>\t\t<\/div>\n\t\t\t\t<\/div>\n\t\t\t\t<div class=\"elementor-element elementor-element-acdf52e elementor-widget elementor-widget-text-editor\" data-id=\"acdf52e\" data-element_type=\"widget\" data-widget_type=\"text-editor.default\">\n\t\t\t\t<div class=\"elementor-widget-container\">\n\t\t\t\t\t\t\t<ul style=\"font-size: 17px; background-color: #ffffff;\"><li style=\"font-size: 17px;\"><p class=\"p1\"><b>\u00c9preuve 1 \u2013 \u00c9tude de cas \u00e9crite et mise en situation professionnelle (3h)<\/b><b><\/b><\/p><ul><li><p class=\"p1\">Analyse d\u2019un dossier : identification des<\/p><p class=\"p1\"><b>\u00c9preuve 1 \u2013 \u00c9tude de cas \u00e9crite et mise en situation professionnelle (3h)<\/b><b><\/b><\/p><ul><li><p class=\"p1\">Analyse d\u2019un dossier : identification des d\u00e9s\u00e9quilibres, plan personnalis\u00e9<\/p><\/li><li><p class=\"p1\">Recommandations alimentaires, hydratation, compl\u00e9mentation, plan de suivi<\/p><\/li><li><p class=\"p1\">R\u00e9daction d\u2019un rapport justifi\u00e9<\/p><\/li><\/ul><p class=\"p1\"><b>\u00c9preuve 2 \u2013 Soutenance orale (30 min)<\/b><b><\/b><\/p><ul><li><p class=\"p1\">Pr\u00e9sentation d\u2019un cas, justification scientifique des choix, r\u00e9ponses au jury<\/p><\/li><\/ul><p class=\"p1\">d\u00e9s\u00e9quilibres, plan personnalis\u00e9<\/p><\/li><li><p class=\"p1\">Recommandations alimentaires, hydratation, compl\u00e9mentation, plan de suivi<\/p><\/li><li><p class=\"p1\">R\u00e9daction d\u2019un rapport justifi\u00e9<\/p><\/li><\/ul><p class=\"p1\"><b>\u00c9preuve 2 \u2013 Soutenance orale (30 min)<\/b><b><\/b><\/p><ul><li><p class=\"p1\">Pr\u00e9sentation d\u2019un cas, justification scientifique des choix, r\u00e9ponses au jury<\/p><\/li><\/ul><\/li><\/ul>\t\t\t\t\t\t<\/div>\n\t\t\t\t<\/div>\n\t\t\t\t\t<\/div>\n\t\t<\/div>\n\t\t\t\t\t\t\t<\/div>\n\t\t<\/section>\n\t\t\t\t<section class=\"elementor-section elementor-top-section elementor-element elementor-element-1182559 elementor-section-boxed elementor-section-height-default elementor-section-height-default\" data-id=\"1182559\" data-element_type=\"section\">\n\t\t\t\t\t\t<div class=\"elementor-container elementor-column-gap-default\">\n\t\t\t\t\t<div class=\"elementor-column elementor-col-50 elementor-top-column elementor-element elementor-element-8922d9d\" data-id=\"8922d9d\" data-element_type=\"column\">\n\t\t\t<div class=\"elementor-widget-wrap elementor-element-populated\">\n\t\t\t\t\t\t\t\t<div class=\"elementor-element elementor-element-e57c00f elementor-widget elementor-widget-heading\" data-id=\"e57c00f\" data-element_type=\"widget\" data-widget_type=\"heading.default\">\n\t\t\t\t<div class=\"elementor-widget-container\">\n\t\t\t<h2 class=\"elementor-heading-title elementor-size-default\"><p><span><\/span><\/p><h3><b>Pr\u00e9requis<\/b><span style=\"font-size: 45px;\"><\/span><\/h3><\/h2>\t\t<\/div>\n\t\t\t\t<\/div>\n\t\t\t\t<div class=\"elementor-element elementor-element-7bd2c02 elementor-widget elementor-widget-text-editor\" data-id=\"7bd2c02\" data-element_type=\"widget\" data-widget_type=\"text-editor.default\">\n\t\t\t\t<div class=\"elementor-widget-container\">\n\t\t\t\t\t\t\t<ul style=\"font-size: 17px; background-color: #ffffff;\"><li style=\"font-size: 17px;\"><ul><li><span style=\"background-color: transparent;\">Dipl\u00f4me en sant\u00e9 : m\u00e9decine, nutrition, pharmacie, soins param\u00e9dicaux ou \u00e9quivalent<\/span><\/li><li><span style=\"background-color: transparent;\">Connaissances de base en nutrition<\/span><\/li><li><span style=\"background-color: transparent;\">Une exp\u00e9rience aupr\u00e8s de publics vieillissants ou en pr\u00e9vention est un atout<\/span><\/li><\/ul><\/li><\/ul>\t\t\t\t\t\t<\/div>\n\t\t\t\t<\/div>\n\t\t\t\t\t<\/div>\n\t\t<\/div>\n\t\t\t\t<div class=\"elementor-column elementor-col-50 elementor-top-column elementor-element elementor-element-19cf1f0\" data-id=\"19cf1f0\" data-element_type=\"column\">\n\t\t\t<div class=\"elementor-widget-wrap elementor-element-populated\">\n\t\t\t\t\t\t\t\t<div class=\"elementor-element elementor-element-6c3b781 elementor-widget elementor-widget-heading\" data-id=\"6c3b781\" data-element_type=\"widget\" data-widget_type=\"heading.default\">\n\t\t\t\t<div class=\"elementor-widget-container\">\n\t\t\t<h2 class=\"elementor-heading-title elementor-size-default\"><p class=\"p1\"><span class=\"s1\"><\/span><\/p><h3><b>Valeur ajout\u00e9e et d\u00e9bouch\u00e9s<\/b><\/h3><p><\/p><\/h2>\t\t<\/div>\n\t\t\t\t<\/div>\n\t\t\t\t<div class=\"elementor-element elementor-element-2b4348b elementor-widget elementor-widget-text-editor\" data-id=\"2b4348b\" data-element_type=\"widget\" data-widget_type=\"text-editor.default\">\n\t\t\t\t<div class=\"elementor-widget-container\">\n\t\t\t\t\t\t\t<ul style=\"font-size: 17px; background-color: #ffffff;\"><li style=\"font-size: 17px;\"><ul><li><p class=\"p1\">D\u00e9veloppement d\u2019une expertise dans un secteur en forte croissance<\/p><\/li><li><p class=\"p1\">Reconnaissance officielle des comp\u00e9tences acquises<\/p><\/li><li><p class=\"p1\">Renforcement de l\u2019employabilit\u00e9 dans les domaines de la sant\u00e9 pr\u00e9ventive, du conseil nutritionnel et du bien-\u00eatre<\/p><\/li><li><p class=\"p1\">Int\u00e9gration de pratiques innovantes dans la consultation, en c<span style=\"background-color: transparent;\">abinet ou en structure<\/span><\/p><\/li><\/ul><\/li><\/ul>\t\t\t\t\t\t<\/div>\n\t\t\t\t<\/div>\n\t\t\t\t\t<\/div>\n\t\t<\/div>\n\t\t\t\t\t\t\t<\/div>\n\t\t<\/section>\n\t\t\t\t<section class=\"elementor-section elementor-top-section elementor-element elementor-element-05f17c8 elementor-section-boxed elementor-section-height-default elementor-section-height-default\" data-id=\"05f17c8\" data-element_type=\"section\">\n\t\t\t\t\t\t<div class=\"elementor-container elementor-column-gap-default\">\n\t\t\t\t\t<div class=\"elementor-column elementor-col-100 elementor-top-column elementor-element elementor-element-3adcae2\" data-id=\"3adcae2\" data-element_type=\"column\">\n\t\t\t<div class=\"elementor-widget-wrap elementor-element-populated\">\n\t\t\t\t\t\t\t\t<div class=\"elementor-element elementor-element-b4b23c2 elementor-widget elementor-widget-heading\" data-id=\"b4b23c2\" data-element_type=\"widget\" data-widget_type=\"heading.default\">\n\t\t\t\t<div class=\"elementor-widget-container\">\n\t\t\t<h2 class=\"elementor-heading-title elementor-size-default\"><p class=\"p1\"><span class=\"s1\"><\/span><\/p><h3><b>Atouts de la certification SOFNNA<\/b><\/h3><p><\/p><\/h2>\t\t<\/div>\n\t\t\t\t<\/div>\n\t\t\t\t<div class=\"elementor-element elementor-element-b15e273 elementor-widget elementor-widget-text-editor\" data-id=\"b15e273\" data-element_type=\"widget\" data-widget_type=\"text-editor.default\">\n\t\t\t\t<div class=\"elementor-widget-container\">\n\t\t\t\t\t\t\t<ul><li class=\"p1\"><span style=\"background-color: transparent;\">Intervenants experts en micronutrition, biologie du vieillissement, g\u00e9riatrie et sant\u00e9 int\u00e9grative<\/span><\/li><li class=\"p1\">Approche interdisciplinaire, holistique et rigoureuse<\/li><li class=\"p1\">Certification structur\u00e9e autour d\u2019une <span class=\"s1\"><b>logique de terrain et de cas pratiques<\/b><b><\/b><\/span><\/li><li class=\"p1\">Ouverture \u00e0 l\u2019international : formation propos\u00e9e dans plusieurs pays francophones (France, Belgique, Suisse, Alg\u00e9rie,Maroc,Tunisie et Canda)<\/li><\/ul>\t\t\t\t\t\t<\/div>\n\t\t\t\t<\/div>\n\t\t\t\t\t<\/div>\n\t\t<\/div>\n\t\t\t\t\t\t\t<\/div>\n\t\t<\/section>\n\t\t\t\t<section class=\"elementor-section elementor-top-section elementor-element elementor-element-07bc833 elementor-section-boxed elementor-section-height-default elementor-section-height-default\" data-id=\"07bc833\" data-element_type=\"section\">\n\t\t\t\t\t\t<div class=\"elementor-container elementor-column-gap-default\">\n\t\t\t\t\t<div class=\"elementor-column elementor-col-100 elementor-top-column elementor-element elementor-element-ef0edd8\" data-id=\"ef0edd8\" data-element_type=\"column\">\n\t\t\t<div class=\"elementor-widget-wrap elementor-element-populated\">\n\t\t\t\t\t\t\t\t<div class=\"elementor-element elementor-element-75fbe73 elementor-widget elementor-widget-heading\" data-id=\"75fbe73\" data-element_type=\"widget\" data-widget_type=\"heading.default\">\n\t\t\t\t<div class=\"elementor-widget-container\">\n\t\t\t<h2 class=\"elementor-heading-title elementor-size-default\"><p class=\"p1\"><span class=\"s1\"><\/span><\/p><h3><b>Pourquoi choisir SOFNNA ?<\/b><\/h3><p><\/p><\/h2>\t\t<\/div>\n\t\t\t\t<\/div>\n\t\t\t\t<div class=\"elementor-element elementor-element-ef1a18e elementor-widget elementor-widget-text-editor\" data-id=\"ef1a18e\" data-element_type=\"widget\" data-widget_type=\"text-editor.default\">\n\t\t\t\t<div class=\"elementor-widget-container\">\n\t\t\t\t\t\t\t<ul><li class=\"p1\"><p><b>SOFNNA<\/b> est un organisme de r\u00e9f\u00e9rence en nutrition fonctionnelle et micronutrition appliqu\u00e9e, reconnu pour son approche scientifique, \u00e9thique et rigoureuse.<\/p><p>Avec plus de 100 publications scientifiques et une pr\u00e9sence dans plusieurs pays francophones, la <b>SOFNNA<\/b> s\u2019engage pour la qualit\u00e9 des formations et leur reconnaissance professionnelle.<\/p><\/li><\/ul>\t\t\t\t\t\t<\/div>\n\t\t\t\t<\/div>\n\t\t\t\t\t<\/div>\n\t\t<\/div>\n\t\t\t\t\t\t\t<\/div>\n\t\t<\/section>\n\t\t\t\t\t\t\t<\/div>\n\t\t","protected":false},"excerpt":{"rendered":"<p>Certification professionnelle : Favoriser la long\u00e9vit\u00e9 gr\u00e2ce \u00e0 la micronutrition anti-\u00e2ge Organisme certificateur\u00a0: SOFNNA (Soci\u00e9t\u00e9 Francophone de Nutrith\u00e9rapie et de Nutrig\u00e9n\u00e9tique Appliqu\u00e9e) Code NSF\u00a0: 331 Sant\u00e9 \u2013 43070 Nutrition Public vis\u00e9\u00a0: professionnels de sant\u00e9 Dur\u00e9e estim\u00e9e de la formation\u00a0: 100 \u00e0 120 heures (variable selon rythme choisi) Format\u00a0: Pr\u00e9sentiel \/ Hybride \u00a0 Certification professionnelle en [&hellip;]<\/p>\n","protected":false},"author":2,"featured_media":0,"parent":0,"menu_order":0,"comment_status":"closed","ping_status":"closed","template":"elementor_header_footer","meta":{"footnotes":""},"_links":{"self":[{"href":"https:\/\/formations.sofnna.eu\/index.php?rest_route=\/wp\/v2\/pages\/285954"}],"collection":[{"href":"https:\/\/formations.sofnna.eu\/index.php?rest_route=\/wp\/v2\/pages"}],"about":[{"href":"https:\/\/formations.sofnna.eu\/index.php?rest_route=\/wp\/v2\/types\/page"}],"author":[{"embeddable":true,"href":"https:\/\/formations.sofnna.eu\/index.php?rest_route=\/wp\/v2\/users\/2"}],"replies":[{"embeddable":true,"href":"https:\/\/formations.sofnna.eu\/index.php?rest_route=%2Fwp%2Fv2%2Fcomments&post=285954"}],"version-history":[{"count":6,"href":"https:\/\/formations.sofnna.eu\/index.php?rest_route=\/wp\/v2\/pages\/285954\/revisions"}],"predecessor-version":[{"id":285960,"href":"https:\/\/formations.sofnna.eu\/index.php?rest_route=\/wp\/v2\/pages\/285954\/revisions\/285960"}],"wp:attachment":[{"href":"https:\/\/formations.sofnna.eu\/index.php?rest_route=%2Fwp%2Fv2%2Fmedia&parent=285954"}],"curies":[{"name":"wp","href":"https:\/\/api.w.org\/{rel}","templated":true}]}}